or of 12452 and 19828?
4
Calculate the greatest common factor of 1131 and 185328879.
87
Calculate the greatest common divisor of 44434 and 416026.
26
What is the greatest common factor of 1965 and 2090559570?
1965
What is the highest common factor of 56356 and 403756?
772
What is the greatest common factor of 2303271 and 48?
3
What is the highest common factor of 47582 and 35742?
74
Calculate the greatest common divisor of 63276 and 1084.
4
Calculate the highest common factor of 693 and 5457606.
231
What is the greatest common divisor of 140433814 and 46?
46
Calculate the greatest common factor of 23850 and 14400.
450
Calculate the highest common factor of 8 and 2948132.
4
What is the greatest common divisor of 28 and 11955146?
14
Calculate the greatest common factor of 1029210 and 123830.
2030
What is the greatest common divisor of 35663213 and 45520?
569
Calculate the greatest common factor of 70705 and 358.
179
Calculate the highest common divisor of 7720581 and 4092.
1023
What is the greatest common divisor of 1400 and 19768?
56
Calculate the greatest common factor of 68517 and 210105.
207
What is the highest common factor of 8923561 and 5452?
1363
Calculate the greatest common factor of 20163360 and 280.
280
Calculate the highest common divisor of 2971065 and 9840.
615
What is the greatest common factor of 3768 and 205032?
24
Calculate the greatest common divisor of 37630 and 171455.
265
Calculate the highest common factor of 1063621813 and 731.
731
Calculate the greatest common divisor of 11817 and 33481197.
909
Calculate the greatest common divisor of 1233 and 1338678.
9
What is the highest common divisor of 123610 and 802150?
2630
What is the greatest common divisor of 68 and 271394868?
68
What is the highest common divisor of 2139 and 85281?
93
Calculate the highest common factor of 21883822 and 34.
2
Calculate the greatest common divisor of 452274131 and 79.
79
What is the greatest common divisor of 208342546 and 2053?
2053
Calculate the greatest common factor of 375154430 and 35.
35
What is the highest common factor of 3160 and 6778595?
395
Calculate the greatest common divisor of 588325179 and 78.
39
What is the highest common divisor of 27 and 57328479?
27
What is the highest common divisor of 322 and 11434312?
46
Calculate the highest common divisor of 749222766 and 5166.
738
Calculate the greatest common divisor of 255 and 2773005.
15
Calculate the greatest common factor of 3045 and 30302535.
435
What is the greatest common divisor of 13624 and 612687?
131
Calculate the greatest common factor of 101 and 150325875.
101
Calculate the highest common divisor of 4262695 and 12371535.
13885
What is the greatest common divisor of 2797 and 907?
1
What is the greatest common factor of 1609 and 147936287?
1609
Calculate the highest common divisor of 1998543302 and 98.
98
What is the greatest common divisor of 1920 and 1318760?
40
What is the highest common divisor of 203296 and 92320?
32
Calculate the highest common factor of 367068 and 30684.
12
Calculate the highest common factor of 3988638 and 1164133.
3121
What is the greatest common factor of 147697 and 16555?
11
What is the greatest common divisor of 4867 and 34193?
31
What is the greatest common divisor of 5248 and 43652480?
128
What is the highest common divisor of 21848356 and 8?
4
What is the greatest common divisor of 11108 and 15332?
4
Calculate the highest common factor of 16852 and 538076.
44
Calculate the greatest common factor of 259461 and 33596.
227
What is the highest common factor of 3716 and 84835351?
929
Calculate the highest common divisor of 30770 and 112285.
85
Calculate the greatest common factor of 979 and 1492.
1
What is the greatest common divisor of 640995 and 65090?
1415
What is the greatest common factor of 52 and 7310121?
13
What is the highest common divisor of 69598032 and 196?
196
What is the greatest common factor of 105714 and 369432?
126
Calculate the greatest common divisor of 93 and 171536361.
93
Calculate the highest common divisor of 346 and 268742.
2
What is the highest common factor of 106557 and 99?
33
Calculate the highest common divisor of 681 and 75409627.
227
Calculate the greatest common factor of 22873880 and 8.
8
Calculate the highest common divisor of 3873 and 15744.
3
What is the highest common factor of 69549083 and 514?
257
Calculate the highest common divisor of 245026 and 1775176.
202
What is the greatest common factor of 6468 and 114499?
77
Calculate the highest common divisor of 13569192 and 5796.
252
Calculate the highest common factor of 587970 and 2072700.
4230
Calculate the greatest common factor of 3 and 1716123.
3
What is the highest common factor of 274827229 and 2755?
551
What is the greatest common divisor of 418502 and 223034?
2506
Calculate the highest common factor of 7396 and 6591900.
172
What is the highest common divisor of 195 and 175358805?
15
What is the highest common divisor of 376341 and 28623?
21
What is the greatest common factor of 1192880 and 1108705?
2405
Calculate the highest common factor of 65894 and 666084.
94
What is the greatest common factor of 40951480 and 2088?
232
What is the greatest common divisor of 20 and 8224680?
20
What is the greatest common divisor of 309434 and 4313?
19
Calculate the highest common factor of 330 and 3263172.
66
Calculate the highest common factor of 16029 and 41626.
13
What is the greatest common divisor of 3808 and 77845992?
952
What is the greatest common divisor of 9804 and 594852?
228
What is the highest common factor of 21 and 1357339767?
21
Calculate the greatest common factor of 11377965 and 1663201.
6959
What is the greatest common factor of 630 and 35506170?
630
What is the greatest common divisor of 6992 and 7597682?
874
Calculate the highest common divisor of 39394332 and 63058.
1538
Calculate the greatest common divisor of 29833 and 2.
1
Calculate the highest common divisor of 751236 and 1740.
12
Calculate the highest common factor of 8 and 1208072.
8
What is the highest common divisor of 415835 and 5285?
35
Calculate the greatest common factor of 20579 and 330811.
13
What is the greatest common factor of 40226381 and 1313?
1313
What is the highest common factor of 90 and 8073882?
18
What is the highest common divisor of 4 and 529114?
2
Calculate the greatest common factor of 62225 and 1541975.
25
Calculate the greatest common factor of 7661 and 11962081.
163
What is the greatest common divisor of 14084 and 16366?
14
Calculate the greatest common divisor of 12660272 and 80.
16
What is the greatest common factor of 31392 and 2787264?
288
Calculate the highest common divisor of 388 and 400513.
97
Calculate the greatest common factor of 33902235 and 36.
9
What is the greatest common divisor of 2786630 and 125020?
3290
What is the greatest common divisor of 29253 and 389550?
147
Calculate the highest common divisor of 985 and 25320213.
197
Calculate the highest common divisor of 10290 and 1542030.
1470
Calculate the highest common divisor of 432 and 24294336.
48
What is the highest common divisor of 5191 and 190556419?
5191
Calculate the greatest common divisor of 21675 and 4341936.
867
What is the greatest common divisor of 634 and 7884741?
317
What is the greatest common divisor of 256265 and 2461?
107
What is the highest common divisor of 20532 and 639501?
177
Calculate the highest common divisor of 68319 and 459.
9
Calculate the greatest common divisor of 6848 and 179857584.
1712
Calculate the greatest common divisor of 1224977 and 442.
13
Calculate the highest common divisor of 230 and 209708.
2
What is the greatest common factor of 34 and 608509390?
34
What is the highest common factor of 134 and 88908598?
134
What is the highest common factor of 25164555 and 45?
15
What is the greatest common factor of 36 and 635832780?
12
What is the highest common divisor of 6 and 16963266?
6
Calculate the greatest common divisor of 221 and 75715501.
17
Calculate the greatest common divisor of 371 and 20156801.
371
Calculate the highest common factor of 243 and 52483905.
9
Calculate the highest common divisor of 250204 and 926812.
3524
What is the greatest common divisor of 9546 and 52751067?
129
Calculate the greatest common factor of 24123374 and 583.
583
Calcu